(-482)/(-18) + (-216)/(-972) is divided by 10.
7
Suppose 0*d = 5*d - 15. Let k be 4/(-2) - (3 - 10). What is the remainder when 44/(0 - (d - k)) is divided by 12?
10
Let p = -272 - -155. Let f = p - -146. What is the remainder when f is divided by 16?
13
Let i(y) = -y + 7. Suppose -u + 2*a - 19 = 0, -2*u = u + 5*a + 13. Let g be i(u). What is the remainder when 46 is divided by 184/g - 4/18?
6
Suppose -2*k = -57 + 31. Calculate the remainder when k is divided by ((-2)/(-4))/(2/20).
3
Let v(f) = -f**3 + 11*f**2 + 6*f - 24. Let a be v(11). Let z = 85 - a. Calculate the remainder when 83 is divided by z.
40
Suppose -2*p + 4*o + 12 = -52, 2*p + 4*o = 48. What is the remainder when p is divided by 9296/1120 + (-3)/10?
4
Let c be (3 + -1)/((-2)/(-40)). Let j(t) = -t**3 - 9*t**2 + t + 3. Let y be j(-9). Let m = c - y. Calculate the remainder when m is divided by 12.
10
Let t be ((-2)/9*3)/(4/6). What is the remainder when 144 is divided by (-39 - 10)/(0/(-2) + t)?
46
Let t(v) = -v**2 - 2*v + 5. Let j be t(0). Suppose -j*m = -g, 35 = 4*g + m - 7. Calculate the remainder when (1*-18)/(-1) + 1 is divided by g.
9
Suppose -3*j + 0*q = 3*q - 21, 20 = 4*j + 2*q. Suppose 0 = 3*y + 4*x - 1, -j*y - 1 + 4 = 3*x. Calculate the remainder when 20 is divided by y.
2
Suppose 4*u - 12 = -b - 3*b, 5*b - u = 33. Suppose b*x - 23 = 1. Calculate the remainder when 37 is divided by 12 - (-7 + x - -5).
7
Let j(z) = -4*z**2 + 29*z - 10*z + 12*z**2 + 16 - 12*z. Calculate the remainder when j(-3) is divided by 17.
16
Suppose 4*r = 4*c + 5 - 17, -7 = -4*c - r. Suppose 0*i - 5*i + 129 = -2*k, 2*i + 2*k - 46 = 0. Let z = i - c. What is the remainder when 67 is divided by z?
21
Let h(u) = -u**2 + 6*u + 8. Suppose 0 = -2*q + 5*q - 21. Let t be h(q). Calculate the remainder when ((-10)/2)/(t/(-13)) is divided by 22.
21
Let t = 1 + 10. Suppose 87*d - 99*d + 24 = 0. Calculate the remainder when t is divided by d.
1
Suppose -592 = -21*y - 403. Calculate the remainder when 62 is divided by y.
8
Suppose -899 = -18*v - 305. What is the remainder when 39 is divided by v?
6
Let c(p) = -8*p - 80. What is the remainder when c(-36) is divided by 53?
49
Let y = -12 - -31. Let z be 0 + (-3)/(-2*(-1)/(-2)). What is the remainder when (-2)/2*(-74)/(6/z) is divided by y?
18
Let t(h) = h**2 + 8*h - 7. Let s be t(-9). Suppose -s*k = 2*p - 4*k - 68, 4*k = 0. What is the remainder when 135 is divided by p?
33
Suppose 8*g - 5*g - 237 = 0. Let c = 179 - g. What is the remainder when c is divided by 21?
16
Suppose 4*g - 221 = -13*g. Calculate the remainder when 152 is divided by g.
9
Let g = 65 - 63. Let a = g - 0. What is the remainder when 9 is divided by a?
1
Let f = 46 - 30. Let a = -3003 - -3098. What is the remainder when a is divided by f?
15
Let z = 103 + -91. Suppose -z*y + 3*y = -90. What is the remainder when 35 is divided by y?
5
Let g(t) = 2*t**3 - 22*t**2 - 5*t + 94. What is the remainder when g(11) is divided by 8?
7
Let b(w) = w**2 - 9*w - 2. Let v = -23 - -33. Calculate the remainder when b(v) is divided by 3.
2
Suppose 1611*x + 630 = 1617*x. Suppose 0*r - h + 139 = 5*r, -5*h = -4*r + 88. Calculate the remainder when x is divided by r.
24
Suppose 24 = t - 7. Let q = t + -13. What is the remainder when q is divided by 12?
6
Suppose 116 - 29 = 3*u. Let i(d) = -3*d**2 + 20*d - 2. Calculate the remainder when u is divided by i(6).
9
Suppose m - 2*d - 6 = 0, m - 3 = -5*d + 3. Let y = 21 - -243. Calculate the remainder when y/16*8/6 is divided by m.
4
Let v = -1298 - -1947. Suppose 5 = 3*u + 2*u, 4*f + u - v = 0. What is the remainder when f is divided by 33?
30
Let k = -18 - -18. Suppose k = o - 19 + 11. What is the remainder when o is divided by 3?
2
Suppose -7*v = -18*v + 836. Calculate the remainder when v is divided by 39.
37
Let c(u) = u**3 + u + 119. Suppose 0 = 30*v - 38*v + 320. What is the remainder when c(0) is divided by v?
39
Let m = 278 - 255. Calculate the remainder when 273 is divided by m.
20
Let u(y) = y**2 + 5*y + 1. Suppose 40 = 4*w - 4*q + 12, -w + 27 = 3*q. Suppose 7*d = 5*d - w. Calculate the remainder when 26 is divided by u(d).
5
Let z be (-16)/(6/(-9)*1). What is the remainder when 65 is divided by (-16)/z*23*3/(-2)?
19
Let d(m) = 6*m - 4. Let b be d(3). Let o = b - 4. What is the remainder when 62 is divided by (-114)/(-7) + o/(-35)?
14
Calculate the remainder when (2/7 - (-50)/(-175)) + 293 is divided by 37.
34
Let p = -269 - -274. Calculate the remainder when p is divided by 3.
2
Let n(y) = -18*y**3 + 2*y**2 - 8*y + 19. Calculate the remainder when n(-3) is divided by 267.
13
Suppose -3008 + 887 = -7*m. What is the remainder when m is divided by 76?
75
Let n(f) = -205*f. Let l be n(-3). Calculate the remainder when l/60 + 6/8 is divided by 6.
5
Let d = -1 + -2. Let p = -24 + 41. Calculate the remainder when 2/d + 596/12 is divided by p.
15
What is the remainder when (-190)/4*(5 - (-29)/(-5)) is divided by 29?
9
Let i = 481 + 222. Calculate the remainder when i is divided by 88.
87
What is the remainder when 7/252*12 - (-275)/3 is divided by 33?
26
Suppose -c = 5*q - 8, 8*q = -4*c + 3*q - 13. Let m(j) = -j**3 - 5*j**2 - 9*j + 1. Let i be m(c). What is the remainder when (4/(-6))/((-3)/i) is divided by 13?
10
Suppose 5*y = -2*b + 214, -5*y + 2*b + 50 = -4*y. Let w = 18 + -3. Calculate the remainder when y is divided by w.
14
Let t = 31 + -32. Suppose 30 = 5*w - 15. What is the remainder when w is divided by -2 - 1 - t - 3*-2?
1
Let b(y) = -43*y**3 - 3*y**2 + y + 3. What is the remainder when 49 is divided by b(-1)?
7
Let h(d) = -d. Let n(z) = -7*z - 3. Let k(f) = -6*h(f) + n(f). What is the remainder when k(-6) is divided by 2?
1
Calculate the remainder when (-21 + 19)/(10/(-1095)) is divided by 17.
15
Let k = 61 - 17. What is the remainder when 3 is divided by 21/35 + -2 + k/10?
0
Let n = -38 - -36. Let y = n + 18. Calculate the remainder when 29 is divided by y.
13
Suppose -3*w - 4*x = -46, 4*w - 2*x + 23 - 77 = 0. Let c = 174 - 65. Calculate the remainder when c is divided by w.
11
Let r(j) = 18 - 3*j + j**3 + 37*j**2 - 48*j**2 + 4*j. What is the remainder when r(11) is divided by 18?
11
Let c be 5/2*(-14)/7. Suppose -17 = -u + 3*f, 2*u + 0*f = 2*f + 42. Calculate the remainder when 1/(c/(-20)) - -86 is divided by u.
21
Suppose 3*h + 2*h = -5*r + 20, -5*r = -2*h + 15. Suppose 2*t - 279 = -5*p - 85, -h*p = -5*t + 450. What is the remainder when t is divided by 19?
16
Let j be (-3 - -1) + (3 - -4). Suppose o = -4*m + 183, j*o - m - 4*m - 865 = 0. What is the remainder when o is divided by 44?
43
Let p(g) = 2*g**2 - 12*g + 5. Let o be p(6). Calculate the remainder when ((-2 - -3) + 0)*59 is divided by 6/o*(-100)/(-8).
14
Let p be (-2)/5 + 98/(-5). Let c be 25/p - 1/(-4). What is the remainder when 46 is divided by c - (0/2 + -13)?
10
Calculate the remainder when 104 is divided by 36/(-270) + (-141)/(-45).
2
Suppose -5*p = 20, -5*p = -4*a + a + 17. Let q(t) = t**2 - t + 1. What is the remainder when 3 is divided by q(a)?
0
What is the remainder when (-3)/4*(-6792)/18 is divided by 57?
55
Suppose 0 = -4*j + 2*w + 78, 32*w = 34*w - 10. What is the remainder when j is divided by 16?
6
Let r(v) = 2*v**2 + 16*v + 27. Suppose 2*j = 2*u + u + 163, -j + 81 = -u. What is the remainder when j is divided by r(-8)?
26
Suppose 3*m + 44 = 4*m. Let t = m + -19. Suppose 5*z = 27 + 38. Calculate the remainder when t is divided by z.
12
Calculate the remainder when 367 is divided by 4/(-26) + -45*(-36)/52.
26
Let i(g) = -83*g**3 - g**2 + 3*g + 2. What is the remainder when i(-2) is divided by 47?
45
Let m = -2 - -8. Let j(w) = -39*w + 17. Let s(f) = -19*f + 8. Let d(l) = m*j(l) - 13*s(l). What is the remainder when d(4) is divided by 13?
11
Let v(a) = -332*a + 92. What is the remainder when v(-4) is divided by 158?
156
Let f(j) = -j + 87. What is the remainder when 87 is divided by f(43)?
43
Let d = 713 - 548. Calculate the remainder when 496 is divided by d.
1
Suppose 6*j - 1610 = -110. Calculate the remainder when j is divided by 64.
58
Let w(j) = 2*j**3 - j**3 + 3*j + 19 - 10*j + 5*j. Calculate the remainder when 94 is divided by w(0).
18
Suppose -2*n + 2*t - t + 3 = 0, -2*n = 4*t - 8. Suppose -2*b + 4*s - 4 = -14, 14 = -n*b - 4*s. Calculate the remainder when 14 is divided by 